What is -45 (base 9) in base 14?
-2d
Convert 10 (base 4) to base 6.
4
What is 1 (base 14) in base 15?
1
-8 (base 14) to base 2
-1000
What is 6 (base 7) in base 12?
6
Convert -564 (base 7) to base 13.
-195
212 (base 8) to base 7
255
What is 0 (base 6) in base 4?
0
-1010110 (base 2) to base 15
-5b
Convert 1111 (base 3) to base 8.
50
13 (base 13) to base 15
11
Convert -4 (base 13) to base 15.
-4
Convert -1024 (base 5) to base 13.
-a9
What is 5 (base 14) in base 3?
12
-1 (base 13) to base 3
-1
What is 3 (base 15) in base 16?
3
What is -10 (base 14) in base 15?
-e
What is 1031 (base 5) in base 4?
2031
Convert -3 (base 4) to base 16.
-3
What is 1 (base 9) in base 15?
1
What is -19 (base 16) in base 3?
-221
-9 (base 13) to base 16
-9
Convert -1b (base 15) to base 12.
-22
-1 (base 2) to base 3
-1
0 (base 9) to base 12
0
-2 (base 8) to base 13
-2
-9a (base 11) to base 2
-1101101
What is -2 (base 12) in base 15?
-2
2 (base 4) to base 8
2
What is -47 (base 10) in base 12?
-3b
-2 (base 11) to base 7
-2
What is -1 (base 3) in base 6?
-1
What is 12 (base 3) in base 12?
5
1 (base 13) to base 16
1
5 (base 6) to base 12
5
What is -20 (base 5) in base 13?
-a
Convert 5 (base 7) to base 2.
101
What is a (base 11) in base 6?
14
What is -1010001 (base 2) in base 5?
-311
What is -7 (base 15) in base 7?
-10
What is -4 (base 12) in base 10?
-4
Convert 0 (base 14) to base 13.
0
What is 544 (base 6) in base 8?
320
-1a (base 11) to base 3
-210
What is 13 (base 10) in base 14?
d
-31 (base 4) to base 10
-13
Convert -43 (base 9) to base 13.
-30
Convert 41 (base 6) to base 14.
1b
Convert 10001101 (base 2) to base 15.
96
Convert 4b (base 13) to base 9.
70
56 (base 15) to base 10
81
5 (base 10) to base 2
101
What is 11 (base 2) in base 4?
3
e (base 16) to base 3
112
Convert 47 (base 9) to base 7.
61
What is -25 (base 7) in base 2?
-10011
What is 1 (base 4) in base 8?
1
3a (base 16) to base 15
3d
159 (base 10) to base 13
c3
d (base 14) to base 10
13
18 (base 13) to base 10
21
0 (base 4) to base 6
0
What is 10 (base 3) in base 14?
3
3213 (base 4) to base 13
14a
Convert -1021 (base 3) to base 16.
-22
What is -1 (base 7) in base 10?
-1
What is -a2 (base 11) in base 2?
-1110000
Convert 0 (base 9) to base 6.
0
98 (base 10) to base 4
1202
What is 0 (base 13) in base 11?
0
Convert -3 (base 4) to base 7.
-3
Convert -123 (base 11) to base 9.
-172
303 (base 4) to base 14
39
1105 (base 6) to base 12
195
What is 9 (base 16) in base 13?
9
Convert -5 (base 11) to base 10.
-5
-17 (base 13) to base 7
-26
What is 11 (base 6) in base 14?
7
What is 4 (base 12) in base 8?
4
Convert -4 (base 8) to base 10.
-4
111 (base 5) to base 7
43
What is -3 (base 9) in base 11?
-3
What is 10a (base 12) in base 7?
310
What is 176 (base 12) in base 14?
12a
What is 4 (base 12) in base 10?
4
11110 (base 2) to base 4
132
Convert 21 (base 16) to base 10.
33
Convert -403 (base 5) to base 6.
-251
What is -110 (base 8) in base 12?
-60
What is 2 (base 16) in base 13?
2
1 (base 4) to base 10
1
Convert -10 (base 3) to base 5.
-3
What is -32 (base 12) in base 4?
-212
-10 (base 2) to base 7
-2
Convert 10 (base 3) to base 13.
3
Convert 81 (base 11) to base 7.
155
-8a (base 11) to base 3
-10122
What is 123 (base 6) in base 13?
3c
2 (base 13) to base 4
2
Convert 24 (base 16) to base 7.
51
131 (base 4) to base 14
21
26 (base 15) to base 9
40
Convert -1 (base 7) to base 15.
-1
Convert -183 (base 10) to base 13.
-111
-15 (base 6) to base 7
-14
-3 (base 4) to base 15
-3
104 (base 5) to base 16
1d
What is -6 (base 7) in base 11?
-6
Convert 5 (base 13) to base 5.
10
Convert -24 (base 6) to base 7.
-22
-1013 (base 4) to base 2
-1000111
2 (base 5) to base 15
2
Convert -b8 (base 14) to base 8.
-242
-1100110 (base 2) to base 4
-1212
-b8 (base 15) to base 2
-10101101
101 (base 2) to base 12
5
What is 1010 (base 2) in base 5?
20
10 (base 4) to base 12
4
What is -201 (base 4) in base 10?
-33
Convert -10000100 (base 2) to base 10.
-132
Convert 2123 (base 4) to base 8.
233
Convert 34 (base 13) to base 4.
223
Convert -34 (base 10) to base 14.
-26
What is 4 (base 14) in base 15?
4
What is 9 (base 13) in base 16?
9
-24 (base 16) to base 12
-30
What is 120 (base 10) in base 8?
170
-130 (base 9) to base 7
-213
Convert 4 (base 8) to base 14.
4
Convert -10100 (base 3) to base 14.
-66
-102 (base 8) to base 3
-2110
What is 155 (base 7) in base 9?
108
Convert -100 (base 5) to base 16.
-19
What is -2 (base 14) in base 2?
-10
Convert 102 (base 4) to base 9.
20
-6 (base 16) to base 3
-20
What is -13 (base 9) in base 15?
-c
Convert -10200 (base 3) to base 15.
-69
What is -71 (base 9) in base 2?
-1000000
What is -4 (base 16) in base 9?
-4
What is 3 (base 8) in base 6?
3
What is -104 (base 5) in base 4?
-131
What is -23 (base 10) in base 13?
-1a
3 (base 9) to base 8
3
-21b (base 13) to base 15
-192
5 (base 12) to base 13
5
Convert -1 (base 4) to base 11.
-1
Convert c8 (base 16) to base 6.
532
Convert 224 (base 10) to base 9.
268
What is 7 (base 9) in base 7?
10
Convert 312 (base 5) to base 8.
122
-11 (base 3) to base 10
-4
What is 14 (base 5) in base 10?
9
Convert 3 (base 7) to base 8.
3
-30 (base 15) to base 16
-2d
33 (base 4) to base 7
21
-2 (base 9) to base 13
-2
What is 16 (base 10) in base 5?
31
What is -22 (base 7) in base 6?
-24
What is 3 (base 7) in base 5?
3
Convert -144 (base 7) to base 6.
-213
Convert 12 (base 7) to base 4.
21
Convert 22 (base 5) to base 14.
c
-10 (base 6) to base 4
-12
What is -21 (base 6) in base 4?
-31
Convert -8 (base 15) to base 6.
-12
Convert -34 (base 11) to base 3.
-1101
What is 2 (base 15) in base 7?
2
Convert -13 (base 11) to base 2.
-1110
-3 (base 13) to base 16
-3
What is -11 (base 9) in base 14?
-a
Convert -2 (base 15) to base 4.
-2
-12 (base 3) to base 13
-5
What is -115 (base 7) in base 11?
-56
What is -3 (base 10) in base 8?
-3
What is -12 (base 15) in base 10?
-17
Convert -2 (base 13) to base 3.
-2
-3 (base 7) to base 13
-3
Convert -21 (base 10) to base 3.
-210
Convert 3 (base 16) to base 6.
3
-a (base 12) to base 9
-11
Convert -25 (base 14) to base 7.
-45
Convert 19 (base 16) to base 9.
27
Convert 2223 (base 4) to base 7.
333
100 (base 3) to base 9
10
What is -10110 (base 2) in base 5?
-42
Convert -10 (base 16) to base 12.
-14
What is -88 (base 13) in base 4?
-1300
What is -4c (base 13) in base 8?
-100
Convert 2 (base 14) to base 5.
2
What is 12 (base 15) in base 6?
25
What is -210 (base 3) in base 12?
-19
What is 7 (base 13) in base 3?
21
What is 47 (base 8) in base 6?
103
-51 (base 9) to base 16
-2e
14 (base 12) to base 2
10000
Convert -8 (base 12) to base 16.
-8
What is -2 (base 13) in base 15?
-2
Convert 40 (base 10) to base 7.
55
What is -50 (base 12) in base 5?
-220
What is 20 (base 3) in base 13?
6
Convert -3 (base 4) to base 6.
-3
Convert -60 (base 13) to base 10.
-78
Convert -3 (base 8) to base 3.
-10
118 (base 11) to base 14
a0
Convert -1112 (base 3) to base 16.
-29
What is 10001110 (base 2) in base 3?
12021
1002 (base 3) to base 13
23
What is 5 (base 11) in base 10?
5
11103 (base 4) to base 16
153
Convert 4 (base 7) to base 15.
4
-222 (base 3) to base 7
-35
What is 3 (base 9) in base 14?
3
What is -1013 (base 4) in base 3?
-2122
What is -31 (base 4) in base 10?
-13
2 (base 3) to base 14
2
Convert 311 (base 7) to base 3.
12202
1 (base 4) to base 3
1
What is -9 (base 15) in base 4?
-21
What is -66 (base 8) in base 13?
-42
11 (base 15) to base 16
10
32 (base 10) to base 5
112
-1100111 (base 2) to base 13
-7c
14 (base 8) to base 3
110
What is 10 (base 6) in base 4?
12
Convert 3 (base 8) to base 13.
3
What is -5 (base 8) in base 9?
-5
122 (base 3) to base 9
18
Convert 8 (base 14) to base 2.
1000
What is 0 (base 15) in base 16?
0
What is -6 (base 13) in base 4?
-12
Convert 4 (base 5) to base 13.
4
What is 0 (base 5) in base 8?
0
-3 (base 8) to base 13
-3
Convert 2 (base 9) to base 15.
2
What is 1323 (base 5) in base 16?
d5
-26 (base 8) to base 11
-20
1c (base 15) to base 5
102
What is 215 (base 7) in base 10?
110
0 (base 16) to base 8
0
Convert -5 (base 16) to base 2.
-101
What is 4 (base 8) in base 2?
100
Convert d (base 15) to base 12.
11
Convert 101 (base 3) to base 7.
13
Convert 1001111 (base 2) to base 10.
79
Convert 4 (base 7) to base 9.
4
Convert -21 (base 10) to base 2.
-10101
What is 280 (base